CRAN Package Check Results for Package zipangu

Last updated on 2020-04-06 11:47:47 CEST.

Flavor Version Tinstall Tcheck Ttotal Status Flags
r-devel-linux-x86_64-debian-clang 0.2.0 2.70 73.85 76.55 OK
r-devel-linux-x86_64-debian-gcc 0.2.0 2.13 58.59 60.72 OK
r-devel-linux-x86_64-fedora-clang 0.2.0 97.37 NOTE
r-devel-linux-x86_64-fedora-gcc 0.2.0 93.98 NOTE
r-devel-windows-ix86+x86_64 0.2.0 10.00 136.00 146.00 OK
r-devel-windows-ix86+x86_64-gcc8 0.2.0 9.00 100.00 109.00 OK
r-patched-linux-x86_64 0.2.0 2.41 70.22 72.63 OK
r-patched-solaris-x86 0.2.0 131.70 NOTE
r-release-linux-x86_64 0.2.0 1.84 67.12 68.96 OK
r-release-windows-ix86+x86_64 0.2.0 6.00 128.00 134.00 OK
r-release-osx-x86_64 0.2.0 NOTE
r-oldrel-windows-ix86+x86_64 0.2.0 4.00 99.00 103.00 OK
r-oldrel-osx-x86_64 0.2.0 NOTE

Check Details

Version: 0.2.0
Check: data for non-ASCII characters
Result: NOTE
     Note: found 47 marked UTF-8 strings
Flavors: r-devel-linux-x86_64-fedora-clang, r-devel-linux-x86_64-fedora-gcc, r-patched-solaris-x86, r-release-osx-x86_64, r-oldrel-osx-x86_64