CRAN Package Check Results for Package zipangu

Last updated on 2024-02-27 11:50:07 CET.

Flavor Version Tinstall Tcheck Ttotal Status Flags
r-devel-linux-x86_64-debian-clang 0.3.2 3.73 52.57 56.30 NOTE
r-devel-linux-x86_64-debian-gcc 0.3.2 3.35 39.82 43.17 NOTE
r-devel-linux-x86_64-fedora-clang 0.3.2 69.29 NOTE
r-devel-linux-x86_64-fedora-gcc 0.3.2 66.88 NOTE
r-devel-windows-x86_64 0.3.2 6.00 65.00 71.00 OK
r-patched-linux-x86_64 0.3.2 4.16 51.61 55.77 OK
r-release-linux-x86_64 0.3.2 3.40 51.81 55.21 OK
r-release-macos-arm64 0.3.2 26.00 OK
r-release-macos-x86_64 0.3.2 38.00 OK
r-release-windows-x86_64 0.3.2 8.00 71.00 79.00 OK
r-oldrel-macos-arm64 0.3.2 24.00 NOTE
r-oldrel-windows-x86_64 0.3.2 8.00 73.00 81.00 OK

Check Details

Version: 0.3.2
Check: Rd files
Result: NOTE checkRd: (-1) label_kansuji.Rd:48: Lost braces; missing escapes or markup? 48 | but if TRUE and installed '{scales}` package, 1.10 will be displayed.} | ^ Flavors: r-devel-linux-x86_64-debian-clang, r-devel-linux-x86_64-debian-gcc, r-devel-linux-x86_64-fedora-clang, r-devel-linux-x86_64-fedora-gcc

Version: 0.3.2
Check: data for non-ASCII characters
Result: NOTE Note: found 47 marked UTF-8 strings Flavors: r-devel-linux-x86_64-fedora-clang, r-devel-linux-x86_64-fedora-gcc, r-oldrel-macos-arm64