Last updated on 2022-07-07 09:51:07 CEST.
Flavor | Version | Tinstall | Tcheck | Ttotal | Status | Flags |
---|---|---|---|---|---|---|
r-devel-linux-x86_64-debian-clang | 0.6-70 | 8.03 | 106.74 | 114.77 | OK | |
r-devel-linux-x86_64-debian-gcc | 0.6-70 | 8.57 | 83.57 | 92.14 | OK | |
r-devel-linux-x86_64-fedora-clang | 0.6-70 | 151.02 | NOTE | |||
r-devel-linux-x86_64-fedora-gcc | 0.6-70 | 152.98 | NOTE | |||
r-devel-windows-x86_64 | 0.6-70 | 62.00 | 134.00 | 196.00 | OK | |
r-patched-linux-x86_64 | 0.6-70 | 10.81 | 100.18 | 110.99 | OK | |
r-release-linux-x86_64 | 0.6-70 | 10.28 | 95.06 | 105.34 | OK | |
r-release-macos-arm64 | 0.6-70 | 45.00 | NOTE | |||
r-release-macos-x86_64 | 0.6-70 | 64.00 | NOTE | |||
r-release-windows-x86_64 | 0.6-70 | 22.00 | 135.00 | 157.00 | OK | |
r-oldrel-macos-arm64 | 0.6-70 | 53.00 | NOTE | |||
r-oldrel-macos-x86_64 | 0.6-70 | 101.00 | NOTE | |||
r-oldrel-windows-ix86+x86_64 | 0.6-70 | 17.00 | 107.00 | 124.00 | OK |
Version: 0.6-70
Check: data for non-ASCII characters
Result: NOTE
Note: found 146804 marked UTF-8 strings
Flavors: r-devel-linux-x86_64-fedora-clang, r-devel-linux-x86_64-fedora-gcc, r-release-macos-arm64, r-release-macos-x86_64, r-oldrel-macos-arm64, r-oldrel-macos-x86_64