CRAN Package Check Results for Package zipfR

Last updated on 2020-02-18 01:52:13 CET.

Flavor Version Tinstall Tcheck Ttotal Status Flags
r-devel-linux-x86_64-debian-clang 0.6-66 9.24 76.44 85.68 OK
r-devel-linux-x86_64-debian-gcc 0.6-66 8.29 61.48 69.77 OK
r-devel-linux-x86_64-fedora-clang 0.6-66 120.50 NOTE
r-devel-linux-x86_64-fedora-gcc 0.6-66 107.52 NOTE
r-devel-windows-ix86+x86_64 0.6-66 15.00 105.00 120.00 OK
r-devel-windows-ix86+x86_64-gcc8 0.6-66 19.00 100.00 119.00 OK
r-patched-linux-x86_64 0.6-66 8.12 70.23 78.35 OK
r-patched-solaris-x86 0.6-66 141.60 NOTE
r-release-linux-x86_64 0.6-66 6.92 72.76 79.68 OK
r-release-windows-ix86+x86_64 0.6-66 13.00 87.00 100.00 OK
r-release-osx-x86_64 0.6-66 NOTE
r-oldrel-windows-ix86+x86_64 0.6-66 10.00 86.00 96.00 OK
r-oldrel-osx-x86_64 0.6-66 NOTE

Check Details

Version: 0.6-66
Check: data for non-ASCII characters
Result: NOTE
     Note: found 146804 marked UTF-8 strings
Flavors: r-devel-linux-x86_64-fedora-clang, r-devel-linux-x86_64-fedora-gcc, r-patched-solaris-x86, r-release-osx-x86_64, r-oldrel-osx-x86_64