CRAN Package Check Results for Package ziphsmm

Last updated on 2019-04-23 10:48:33 CEST.

Flavor Version Tinstall Tcheck Ttotal Status Flags
r-devel-linux-x86_64-debian-clang 2.0.6 81.16 56.51 137.67 OK
r-devel-linux-x86_64-debian-gcc 2.0.6 61.55 43.69 105.24 OK
r-devel-linux-x86_64-fedora-clang 2.0.6 156.68 NOTE
r-devel-linux-x86_64-fedora-gcc 2.0.6 145.11 OK
r-devel-windows-ix86+x86_64 2.0.6 160.00 114.00 274.00 OK
r-patched-linux-x86_64 2.0.6 69.18 56.75 125.93 OK
r-patched-solaris-x86 2.0.6 184.50 OK
r-release-linux-x86_64 2.0.6 63.42 53.28 116.70 OK
r-release-windows-ix86+x86_64 2.0.6 123.00 145.00 268.00 OK
r-release-osx-x86_64 2.0.6 NOTE
r-oldrel-windows-ix86+x86_64 2.0.6 114.00 140.00 254.00 OK
r-oldrel-osx-x86_64 2.0.6 NOTE

Check Details

Version: 2.0.6
Check: installed package size
Result: NOTE
     installed size is 7.7Mb
     sub-directories of 1Mb or more:
     libs 7.3Mb
Flavors: r-devel-linux-x86_64-fedora-clang, r-release-osx-x86_64, r-oldrel-osx-x86_64