CRAN Package Check Results for Package ziphsmm

Last updated on 2019-07-21 21:47:09 CEST.

Flavor Version Tinstall Tcheck Ttotal Status Flags
r-devel-linux-x86_64-debian-clang 2.0.6 82.82 56.71 139.53 OK
r-devel-linux-x86_64-debian-gcc 2.0.6 61.41 43.67 105.08 OK
r-devel-linux-x86_64-fedora-clang 2.0.6 195.55 NOTE
r-devel-linux-x86_64-fedora-gcc 2.0.6 137.92 OK
r-devel-windows-ix86+x86_64 2.0.6 125.00 150.00 275.00 OK
r-patched-linux-x86_64 2.0.6 72.35 56.03 128.38 OK
r-patched-solaris-x86 2.0.6 189.40 OK
r-release-linux-x86_64 2.0.6 66.98 55.96 122.94 OK
r-release-windows-ix86+x86_64 2.0.6 134.00 115.00 249.00 OK
r-release-osx-x86_64 2.0.6 NOTE
r-oldrel-windows-ix86+x86_64 2.0.6 158.00 113.00 271.00 OK
r-oldrel-osx-x86_64 2.0.6 NOTE

Check Details

Version: 2.0.6
Check: installed package size
Result: NOTE
     installed size is 7.7Mb
     sub-directories of 1Mb or more:
     libs 7.3Mb
Flavors: r-devel-linux-x86_64-fedora-clang, r-release-osx-x86_64, r-oldrel-osx-x86_64