Last updated on 2023-11-29 16:52:08 CET.
Flavor | Version | Tinstall | Tcheck | Ttotal | Status | Flags |
---|---|---|---|---|---|---|
r-devel-linux-x86_64-debian-clang | 0.2-2 | 13.03 | 168.87 | 181.90 | NOTE | |
r-devel-linux-x86_64-debian-gcc | 0.2-2 | 10.59 | 135.96 | 146.55 | NOTE | |
r-devel-linux-x86_64-fedora-clang | 0.2-2 | 292.69 | OK | |||
r-devel-linux-x86_64-fedora-gcc | 0.2-2 | 239.07 | NOTE | |||
r-devel-windows-x86_64 | 0.2-2 | 21.00 | 216.00 | 237.00 | OK | |
r-patched-linux-x86_64 | 0.2-2 | 15.07 | 163.38 | 178.45 | OK | |
r-release-linux-x86_64 | 0.2-2 | 12.90 | 161.62 | 174.52 | OK | |
r-release-macos-arm64 | 0.2-2 | 135.00 | OK | |||
r-release-macos-x86_64 | 0.2-2 | 335.00 | OK | |||
r-release-windows-x86_64 | 0.2-2 | 28.00 | 260.00 | 288.00 | OK | |
r-oldrel-macos-arm64 | 0.2-2 | 125.00 | OK | |||
r-oldrel-macos-x86_64 | 0.2-2 | 129.00 | OK | |||
r-oldrel-windows-x86_64 | 0.2-2 | 19.00 | 251.00 | 270.00 | OK |
Version: 0.2-2
Check: Rd files
Result: NOTE
checkRd: (-1) inside2trans.Rd:124: Lost braces
124 | \bold{Linking number --- {Wikipedia}{,} The Free Encyclopedia}.
| ^
Flavors: r-devel-linux-x86_64-debian-clang, r-devel-linux-x86_64-debian-gcc
Version: 0.2-2
Check: for detritus in the temp directory
Result: NOTE
Found the following files/directories:
‘Crashpad’
Flavor: r-devel-linux-x86_64-fedora-gcc