CRAN Package Check Results for Package zoolog

Last updated on 2021-09-19 13:49:45 CEST.

Flavor Version Tinstall Tcheck Ttotal Status Flags
r-devel-linux-x86_64-debian-clang 0.4.1 2.84 57.01 59.85 OK
r-devel-linux-x86_64-debian-gcc 0.4.1 2.11 46.64 48.75 OK
r-devel-linux-x86_64-fedora-clang 0.4.1 85.39 OK
r-devel-linux-x86_64-fedora-gcc 0.4.1 75.45 OK
r-devel-windows-x86_64 0.4.1 5.00 93.00 98.00 OK
r-devel-windows-x86_64-gcc10-UCRT 0.4.1 ERROR
r-patched-linux-x86_64 0.4.1 3.24 55.31 58.55 OK
r-patched-solaris-x86 0.4.1 105.40 OK
r-release-linux-x86_64 0.4.1 2.96 55.15 58.11 OK
r-release-macos-arm64 0.4.1 OK
r-release-macos-x86_64 0.4.1 OK
r-release-windows-ix86+x86_64 0.4.1 7.00 69.00 76.00 OK
r-oldrel-macos-x86_64 0.4.1 OK
r-oldrel-windows-ix86+x86_64 0.4.1 6.00 66.00 72.00 OK

Check Details

Version: 0.4.1
Check: whether package can be installed
Result: WARN
    Found the following significant warnings:
     WARNING: installation-time patches will not be applied, could not get the patches index
Flavor: r-devel-windows-x86_64-gcc10-UCRT

Version: 0.4.1
Check: PDF version of manual
Result: WARN
    LaTeX errors when creating PDF version.
    This typically indicates Rd problems.
Flavor: r-devel-windows-x86_64-gcc10-UCRT

Version: 0.4.1
Check: PDF version of manual without hyperrefs or index
Result: ERROR
    Re-running with no redirection of stdout/stderr.
Flavor: r-devel-windows-x86_64-gcc10-UCRT