CRAN Package Check Results for Package zoon

Last updated on 2020-08-05 21:49:20 CEST.

Flavor Version Tinstall Tcheck Ttotal Status Flags
r-devel-linux-x86_64-debian-clang 0.6.5 19.44 120.54 139.98 NOTE
r-devel-linux-x86_64-debian-gcc 0.6.5 15.74 101.59 117.33 NOTE
r-devel-linux-x86_64-fedora-clang 0.6.5 252.49 NOTE
r-devel-linux-x86_64-fedora-gcc 0.6.5 253.76 NOTE
r-devel-windows-ix86+x86_64 0.6.5 62.00 228.00 290.00 OK
r-patched-linux-x86_64 0.6.5 18.06 120.64 138.70 NOTE
r-patched-solaris-x86 0.6.5 322.70 ERROR
r-release-linux-x86_64 0.6.5 18.30 118.92 137.22 NOTE
r-release-macos-x86_64 0.6.5 NOTE
r-release-windows-ix86+x86_64 0.6.5 66.00 303.00 369.00 OK
r-oldrel-macos-x86_64 0.6.5 OK
r-oldrel-windows-ix86+x86_64 0.6.5 36.00 269.00 305.00 OK

Check Details

Version: 0.6.5
Check: package dependencies
Result: NOTE
    Package suggested but not available for checking: 'SDMTools'
Flavors: r-devel-linux-x86_64-debian-clang, r-devel-linux-x86_64-debian-gcc, r-devel-linux-x86_64-fedora-clang, r-devel-linux-x86_64-fedora-gcc, r-patched-linux-x86_64, r-patched-solaris-x86, r-release-linux-x86_64, r-release-macos-x86_64

Version: 0.6.5
Check: tests
Result: ERROR
     Running ‘test-all.R’ [23s/488s]
    Running the tests in ‘tests/test-all.R’ failed.
    Complete output:
     > Sys.setenv("R_TESTS" = "")
     > library(testthat)
     > test_check("zoon")
     Loading required package: zoon
     Loading required package: raster
     Loading required package: sp
     ── 1. Error: occurrence data is handled as expected when CRSs vary (@testTransfo
     is.character(proj) is not TRUE
     Backtrace:
     1. zoon:::TransformCRS(occ_data, "+init=epsg:4326")
     3. rgdal:::spTransform(x = LL_points, CRSobj = CRS(ras_projection))
     4. rgdal:::get_aoi(x)
     5. rgdal::project(t(bbox(obj))[, 1:2], tg, inv = TRUE, use_aoi = FALSE)
     6. base::stopifnot(is.character(proj))
    
     ── 2. Error: Handles NA values and blanks (@testTransformCRS.R#191) ───────────
     is.character(proj) is not TRUE
     Backtrace:
     1. zoon:::TransformCRS(occ_data, "+init=epsg:4326")
     3. rgdal:::spTransform(x = LL_points, CRSobj = CRS(ras_projection))
     4. rgdal:::get_aoi(x)
     5. rgdal::project(t(bbox(obj))[, 1:2], tg, inv = TRUE, use_aoi = FALSE)
     6. base::stopifnot(is.character(proj))
    
     ══ testthat results ═══════════════════════════════════════════════════════════
     [ OK: 194 | SKIPPED: 31 | WARNINGS: 13 | FAILED: 2 ]
     1. Error: occurrence data is handled as expected when CRSs vary (@testTransformCRS.R#62)
     2. Error: Handles NA values and blanks (@testTransformCRS.R#191)
    
     Error: testthat unit tests failed
     Execution halted
Flavor: r-patched-solaris-x86