Last updated on 2023-06-03 07:03:56 CEST.
Flavor | Version | Tinstall | Tcheck | Ttotal | Status | Flags |
---|---|---|---|---|---|---|
r-devel-linux-x86_64-debian-clang | 0.6.5 | 44.96 | 261.94 | 306.90 | NOTE | |
r-devel-linux-x86_64-debian-gcc | 0.6.5 | 32.58 | 210.11 | 242.69 | NOTE | |
r-devel-linux-x86_64-fedora-clang | 0.6.5 | 597.26 | NOTE | |||
r-devel-linux-x86_64-fedora-gcc | 0.6.5 | 624.38 | NOTE | |||
r-devel-windows-x86_64 | 0.6.5 | 37.00 | 311.00 | 348.00 | NOTE | |
r-patched-linux-x86_64 | 0.6.5 | NOTE | ||||
r-release-linux-x86_64 | 0.6.5 | 33.32 | 242.32 | 275.64 | NOTE | |
r-release-macos-arm64 | 0.6.5 | 174.00 | NOTE | |||
r-release-macos-x86_64 | 0.6.5 | 360.00 | NOTE | |||
r-release-windows-x86_64 | 0.6.5 | 51.00 | 407.00 | 458.00 | NOTE | |
r-oldrel-macos-arm64 | 0.6.5 | 133.00 | NOTE | |||
r-oldrel-macos-x86_64 | 0.6.5 | 256.00 | NOTE | |||
r-oldrel-windows-x86_64 | 0.6.5 | 52.00 | 376.00 | 428.00 | NOTE |
Version: 0.6.5
Check: package dependencies
Result: NOTE
Package suggested but not available for checking: ‘SDMTools’
Flavors: r-devel-linux-x86_64-debian-clang, r-devel-linux-x86_64-debian-gcc, r-devel-linux-x86_64-fedora-clang, r-devel-linux-x86_64-fedora-gcc, r-devel-windows-x86_64, r-patched-linux-x86_64, r-release-linux-x86_64, r-release-macos-arm64, r-release-macos-x86_64, r-release-windows-x86_64, r-oldrel-macos-arm64, r-oldrel-macos-x86_64, r-oldrel-windows-x86_64