CRAN Package Check Results for Package ztpln

Last updated on 2020-09-22 05:51:14 CEST.

Flavor Version Tinstall Tcheck Ttotal Status Flags
r-devel-linux-x86_64-debian-clang 0.1.1 50.98 69.80 120.78 OK
r-devel-linux-x86_64-debian-gcc 0.1.1 0.28 1.61 1.89 ERROR
r-devel-linux-x86_64-fedora-clang 0.1.1 209.82 NOTE
r-devel-linux-x86_64-fedora-gcc 0.1.1 194.70 OK
r-devel-windows-ix86+x86_64 0.1.1 117.00 131.00 248.00 OK
r-patched-linux-x86_64 0.1.1 47.47 68.85 116.32 OK
r-patched-solaris-x86 0.1.1 220.40 OK
r-release-linux-x86_64 0.1.1 48.19 70.40 118.59 OK
r-release-macos-x86_64 0.1.1 NOTE
r-release-windows-ix86+x86_64 0.1.1 114.00 186.00 300.00 OK
r-oldrel-macos-x86_64 0.1.1 NOTE
r-oldrel-windows-ix86+x86_64 0.1.1 75.00 171.00 246.00 OK

Check Details

Version: 0.1.1
Check: whether package can be installed
Result: ERROR
    Installation failed.
Flavor: r-devel-linux-x86_64-debian-gcc

Version: 0.1.1
Check: installed package size
Result: NOTE
     installed size is 7.5Mb
     sub-directories of 1Mb or more:
     libs 7.2Mb
Flavors: r-devel-linux-x86_64-fedora-clang, r-release-macos-x86_64, r-oldrel-macos-x86_64