CRAN Package Check Results for Package ztype

Last updated on 2018-06-24 17:48:39 CEST.

Flavor Version Tinstall Tcheck Ttotal Status Flags
r-devel-linux-x86_64-debian-clang 0.1.0 1.25 26.20 27.45 OK
r-devel-linux-x86_64-debian-gcc 0.1.0 1.23 20.72 21.95 OK
r-devel-linux-x86_64-fedora-clang 0.1.0 31.30 NOTE
r-devel-linux-x86_64-fedora-gcc 0.1.0 29.35 NOTE
r-devel-windows-ix86+x86_64 0.1.0 5.00 38.00 43.00 OK
r-patched-linux-x86_64 0.1.0 1.44 23.55 24.99 OK
r-patched-solaris-x86 0.1.0 52.40 NOTE
r-release-linux-x86_64 0.1.0 1.19 23.22 24.41 OK
r-release-windows-ix86+x86_64 0.1.0 5.00 51.00 56.00 OK
r-release-osx-x86_64 0.1.0 NOTE
r-oldrel-windows-ix86+x86_64 0.1.0 7.00 49.00 56.00 OK
r-oldrel-osx-x86_64 0.1.0 NOTE

Check Details

Version: 0.1.0
Check: dependencies in R code
Result: NOTE
    Namespaces in Imports field not imported from:
     ‘dplyr’ ‘ggplot2’ ‘lubridate’
     All declared Imports should be used.
Flavors: r-devel-linux-x86_64-fedora-clang, r-devel-linux-x86_64-fedora-gcc, r-patched-solaris-x86, r-release-osx-x86_64, r-oldrel-osx-x86_64