CRAN Package Check Results for Package ztype

Last updated on 2018-09-24 09:54:51 CEST.

Flavor Version Tinstall Tcheck Ttotal Status Flags
r-devel-linux-x86_64-debian-clang 0.1.0 1.63 25.77 27.40 OK
r-devel-linux-x86_64-debian-gcc 0.1.0 1.34 21.37 22.71 OK
r-devel-linux-x86_64-fedora-clang 0.1.0 30.88 NOTE
r-devel-linux-x86_64-fedora-gcc 0.1.0 31.09 NOTE
r-devel-windows-ix86+x86_64 0.1.0 6.00 56.00 62.00 OK
r-patched-linux-x86_64 0.1.0 1.45 23.05 24.50 OK
r-patched-solaris-x86 0.1.0 48.20 NOTE
r-release-linux-x86_64 0.1.0 1.44 23.06 24.50 OK
r-release-windows-ix86+x86_64 0.1.0 5.00 54.00 59.00 OK
r-release-osx-x86_64 0.1.0 NOTE
r-oldrel-windows-ix86+x86_64 0.1.0 3.00 51.00 54.00 OK
r-oldrel-osx-x86_64 0.1.0 NOTE

Check Details

Version: 0.1.0
Check: dependencies in R code
Result: NOTE
    Namespaces in Imports field not imported from:
     ‘dplyr’ ‘ggplot2’ ‘lubridate’
     All declared Imports should be used.
Flavors: r-devel-linux-x86_64-fedora-clang, r-devel-linux-x86_64-fedora-gcc, r-patched-solaris-x86, r-release-osx-x86_64, r-oldrel-osx-x86_64